{"id":86,"date":"2021-04-28T13:25:22","date_gmt":"2021-04-28T11:25:22","guid":{"rendered":"http:\/\/eradiq.com\/boutique\/?product=import-placeholder-for-86"},"modified":"2022-12-29T05:26:35","modified_gmt":"2022-12-29T04:26:35","slug":"gel-fourmis-aedex","status":"publish","type":"product","link":"https:\/\/eradiq.com\/boutique\/?product=gel-fourmis-aedex","title":{"rendered":"Gel Fourmis Aedex"},"content":{"rendered":"<p>le gel de Fourmis Aedex est un insecticide performant pour la destruction des <strong>fourmis<\/strong>.<br \/>\nLes fourmis sont attir\u00e9es par les composants sucr\u00e9s, consomment l&#8217;app\u00e2t, une fois en contact, elles transportent le poison jusque dans la fourmili\u00e8re et contamine ainsi le reste de a colonie.<br \/>\nLe produit est un flacon stilligouttes pr\u00eat \u00e0 l&#8217;emploi de 60 ml. Simple d&#8217;utilisation<\/p>\n<p><em>Composition :<\/em> Dim\u00e9thylarsenate de sodium 20g\/kg<br \/>\n<em>Conditionnement : <\/em>Flacon de 60 ml<br \/>\n<em>Utilisation : <\/em>Positionner les gouttes sur les lieux de passage des fourmis<\/p>\n","protected":false},"excerpt":{"rendered":"<p>le gel de Fourmis Aedex est un insecticide performant pour la destruction des fourmis. Les fourmis sont attir\u00e9es par les composants sucr\u00e9s, consomment l&#8217;app\u00e2t, une fois en contact, elles transportent le poison jusque dans la fourmili\u00e8re et contamine ainsi le reste de a colonie. Le produit est un flacon stilligouttes pr\u00eat \u00e0 l&#8217;emploi de 60 [&hellip;]<\/p>\n","protected":false},"featured_media":102,"comment_status":"open","ping_status":"closed","template":"","meta":{"spay_email":""},"_links":{"self":[{"href":"https:\/\/eradiq.com\/boutique\/index.php?rest_route=\/wp\/v2\/product\/86"}],"collection":[{"href":"https:\/\/eradiq.com\/boutique\/index.php?rest_route=\/wp\/v2\/product"}],"about":[{"href":"https:\/\/eradiq.com\/boutique\/index.php?rest_route=\/wp\/v2\/types\/product"}],"replies":[{"embeddable":true,"href":"https:\/\/eradiq.com\/boutique\/index.php?rest_route=%2Fwp%2Fv2%2Fcomments&post=86"}],"wp:featuredmedia":[{"embeddable":true,"href":"https:\/\/eradiq.com\/boutique\/index.php?rest_route=\/wp\/v2\/media\/102"}],"wp:attachment":[{"href":"https:\/\/eradiq.com\/boutique\/index.php?rest_route=%2Fwp%2Fv2%2Fmedia&parent=86"}],"curies":[{"name":"wp","href":"https:\/\/api.w.org\/{rel}","templated":true}]}}