{"id":74,"date":"2021-04-28T13:25:14","date_gmt":"2021-04-28T11:25:14","guid":{"rendered":"http:\/\/eradiq.com\/boutique\/?product=import-placeholder-for-60"},"modified":"2022-09-20T23:26:10","modified_gmt":"2022-09-20T21:26:10","slug":"boite-de-48-gants-nitrile-ultra-resistants","status":"publish","type":"product","link":"https:\/\/eradiq.com\/boutique\/?product=boite-de-48-gants-nitrile-ultra-resistants","title":{"rendered":"Boite de 48 gants Nitrile Ultra R\u00e9sistants"},"content":{"rendered":"<p>Gants de tr\u00e8s bonne qualit\u00e9. Vendu par 48, soit 24 paires.<\/p>\n<ul>\n<li>Gants Nitrile Ambidextres.<\/li>\n<li>Epaisseur 0,2.<\/li>\n<li>Dext\u00e9rit\u00e9 maximum de niveau 5 selon la norme EN420.<\/li>\n<li>Non poudr\u00e9s.<\/li>\n<li>Cat\u00e9gorie 3.<\/li>\n<li>Conforme \u00e0 la norme EN374<\/li>\n<\/ul>\n","protected":false},"excerpt":{"rendered":"<p>Gants de tr\u00e8s bonne qualit\u00e9. Vendu par 48, soit 24 paires. Gants Nitrile Ambidextres. Epaisseur 0,2. Dext\u00e9rit\u00e9 maximum de niveau 5 selon la norme EN420. Non poudr\u00e9s. Cat\u00e9gorie 3. Conforme \u00e0 la norme EN374<\/p>\n","protected":false},"featured_media":100,"comment_status":"open","ping_status":"closed","template":"","meta":{"spay_email":""},"_links":{"self":[{"href":"https:\/\/eradiq.com\/boutique\/index.php?rest_route=\/wp\/v2\/product\/74"}],"collection":[{"href":"https:\/\/eradiq.com\/boutique\/index.php?rest_route=\/wp\/v2\/product"}],"about":[{"href":"https:\/\/eradiq.com\/boutique\/index.php?rest_route=\/wp\/v2\/types\/product"}],"replies":[{"embeddable":true,"href":"https:\/\/eradiq.com\/boutique\/index.php?rest_route=%2Fwp%2Fv2%2Fcomments&post=74"}],"wp:featuredmedia":[{"embeddable":true,"href":"https:\/\/eradiq.com\/boutique\/index.php?rest_route=\/wp\/v2\/media\/100"}],"wp:attachment":[{"href":"https:\/\/eradiq.com\/boutique\/index.php?rest_route=%2Fwp%2Fv2%2Fmedia&parent=74"}],"curies":[{"name":"wp","href":"https:\/\/api.w.org\/{rel}","templated":true}]}}