{"id":70,"date":"2021-04-28T13:25:14","date_gmt":"2021-04-28T11:25:14","guid":{"rendered":"http:\/\/eradiq.com\/boutique\/?product=import-placeholder-for-52"},"modified":"2022-06-22T10:32:35","modified_gmt":"2022-06-22T08:32:35","slug":"housse-taie-doreiller-anti-punaise-de-lit","status":"publish","type":"product","link":"https:\/\/eradiq.com\/boutique\/?product=housse-taie-doreiller-anti-punaise-de-lit","title":{"rendered":"Housse taie d&#8217;oreiller Anti-punaise de lit"},"content":{"rendered":"<p>Taie d&#8217;oreiller sp\u00e9cialement con\u00e7ue pour emp\u00eacher les <b>acariens, allerg\u00e8nes et punaises de lit<\/b>.<br \/>\nIl faut coupler ce produit avec une housse pour matelas et une housse pour sommier.<br \/>\nLa technologie de cette housse permet d&#8217;\u00eatre herm\u00e9tique pour les insectes et poussi\u00e8res.<\/p>\n","protected":false},"excerpt":{"rendered":"<p>Taie d&#8217;oreiller sp\u00e9cialement con\u00e7ue pour emp\u00eacher les acariens, allerg\u00e8nes et punaises de lit. Il faut coupler ce produit avec une housse pour matelas et une housse pour sommier. La technologie de cette housse permet d&#8217;\u00eatre herm\u00e9tique pour les insectes et poussi\u00e8res.<\/p>\n","protected":false},"featured_media":107,"comment_status":"open","ping_status":"closed","template":"","meta":{"spay_email":""},"_links":{"self":[{"href":"https:\/\/eradiq.com\/boutique\/index.php?rest_route=\/wp\/v2\/product\/70"}],"collection":[{"href":"https:\/\/eradiq.com\/boutique\/index.php?rest_route=\/wp\/v2\/product"}],"about":[{"href":"https:\/\/eradiq.com\/boutique\/index.php?rest_route=\/wp\/v2\/types\/product"}],"replies":[{"embeddable":true,"href":"https:\/\/eradiq.com\/boutique\/index.php?rest_route=%2Fwp%2Fv2%2Fcomments&post=70"}],"wp:featuredmedia":[{"embeddable":true,"href":"https:\/\/eradiq.com\/boutique\/index.php?rest_route=\/wp\/v2\/media\/107"}],"wp:attachment":[{"href":"https:\/\/eradiq.com\/boutique\/index.php?rest_route=%2Fwp%2Fv2%2Fmedia&parent=70"}],"curies":[{"name":"wp","href":"https:\/\/api.w.org\/{rel}","templated":true}]}}